{"id":264,"date":"2021-10-27T13:07:36","date_gmt":"2021-10-27T13:07:36","guid":{"rendered":"https:\/\/voicesoftheforest.net\/?post_type=program&#038;p=264"},"modified":"2022-11-10T13:24:04","modified_gmt":"2022-11-10T13:24:04","slug":"ficciones-del-tropico","status":"publish","type":"program","link":"https:\/\/voicesoftheforest.net\/pb\/programs\/ficciones-del-tropico\/","title":{"rendered":"Ficciones Del Tro\u0301pico"},"content":{"rendered":"<p><img loading=\"lazy\" decoding=\"async\" class=\"alignnone size-full wp-image-265\" src=\"https:\/\/voicesoftheforest.net\/wp-content\/uploads\/2021\/10\/Molero-1.jpg\" alt=\"\" width=\"1600\" height=\"1066\" srcset=\"https:\/\/voicesoftheforest.net\/wp-content\/uploads\/2021\/10\/Molero-1.jpg 1600w, https:\/\/voicesoftheforest.net\/wp-content\/uploads\/2021\/10\/Molero-1-300x200.jpg 300w, https:\/\/voicesoftheforest.net\/wp-content\/uploads\/2021\/10\/Molero-1-1024x682.jpg 1024w, https:\/\/voicesoftheforest.net\/wp-content\/uploads\/2021\/10\/Molero-1-768x512.jpg 768w, https:\/\/voicesoftheforest.net\/wp-content\/uploads\/2021\/10\/Molero-1-1536x1023.jpg 1536w\" sizes=\"auto, (max-width: 1600px) 100vw, 1600px\" \/><\/p>\n<p>Nascido em Maracaibo, Venezuela, Alexander Molero n\u00e3o \u00e9 estranho ao idealismo ex\u00f3tico que os ocidentais t\u00eam em rela\u00e7\u00e3o \u00e0 Am\u00e9rica do Sul. Uma mudan\u00e7a para Barcelona h\u00e1 alguns anos deu-lhe novas no\u00e7\u00f5es de como a Amaz\u00f4nia era imaginada pelo Ocidente. A inspira\u00e7\u00e3o para este disco veio do livro de Anton Goering &#8220;Vom tropischen Tieflande bis zum ewigen Schnee&#8221; e tamb\u00e9m foi influenciada pelos escritos de Victor Segalen e pelas vis\u00f5es de Werner Herzog em \u201cFitzcarraldo\u201d e \u201cAguirre\u201d. A forma como estes artistas exploraram e romantizaram ideias do desconhecido foram o estopim para a cria\u00e7\u00e3o dos sons ouvidos em \u201cFicciones Del Tr\u00f3pico\u201d.<\/p>\n<p>&nbsp;<\/p>\n<p>Usando um sintetizador Yamaha CS-60, Molero cria uma viagem enigm\u00e1tica e ut\u00f3pica inspirada no desejo tropical e ex\u00f3tico do primeiro contato europeu com esses locais estrangeiros e inexplorados. Para seu primeiro disco, ele queria criar paisagens sonoras para a natureza reminiscente dos exploradores europeus que enfrentaram o desconhecido e o al\u00e9m da Floresta Amaz\u00f4nica no s\u00e9culo XIX. S\u00e3o oito pe\u00e7as com um total de 44 minutos com t\u00edtulos que fazem refer\u00eancia a p\u00e1ssaros, animais e paisagens que simulam uma descoberta cont\u00ednua.<\/p>\n<p>&nbsp;<\/p>\n<p>Os padr\u00f5es animados das faixas convidam voc\u00ea a entrar na mente de Molero e a explorar a forma como sua imagina\u00e7\u00e3o se materializa em som. Desenvolvido e gravado durante 2017 e 2018, \u201cFicciones del Tr\u00f3pico\u201d ressoa refer\u00eancias e paisagens sonoras que Molero conceituou na \u00faltima d\u00e9cada.<\/p>\n<p>&nbsp;<\/p>\n<p>A estrutura e os ritmos constantes criaram uma est\u00e9tica sonora \u00fanica &#8211; e cont\u00ednua. A fic\u00e7\u00e3o tropical de Molero \u00e9 como mergulhar no mar com J\u00fcrgen M\u00fcller, explorar Alpha Centauri com Tangerine Dream ou construir novos ex\u00f3ticos pelas lentes de Mike Cooper. Mas desta vez tudo acontece na selva.<\/p>\n<p>&nbsp;<\/p>\n<p>Molero: Ficciones Del Tr\u00f3pico (Holuzam \/ ZAM005)<\/p>\n<p>&nbsp;<\/p>\n<ol>\n<li>Phasma Gigas<\/li>\n<li>Simi Vulpa<\/li>\n<li>Jaguar Capybaras<\/li>\n<li>Manglares<\/li>\n<li>Selvas de Ewaipanomas<\/li>\n<li>El espanto en sierra nevada<\/li>\n<li>Parra Jacana<\/li>\n<li>Tierras bajas tropicales<\/li>\n<\/ol>\n<p>Nascido em Maracaibo, Venezuela, Alexander Molero mora em Barcelona, Espanha, desde 2009. \u00c9 m\u00fasico autodidata, come\u00e7ou aprendendo harmonias e depois passou para a composi\u00e7\u00e3o. Em seu primeiro disco, \u201cFicciones Del Tr\u00f3pico\u201d (Holuzam, 2020), ele emula instrumentos africanos, se pergunta o que aconteceria com o Tangerine Dream se eles se perdessem na selva e se pendurassem em m\u00fasica ex\u00f3tica. Ele est\u00e1 atualmente trabalhando em seu pr\u00f3ximo lan\u00e7amento.<\/p>","protected":false},"template":"","class_list":["post-264","program","type-program","status-publish","hentry"],"program_startdate":"20211027","program_enddate":"20211227","program_audiofile":{"ID":266,"id":266,"title":"Ficciones Del Tropico","filename":"Molero-Ficciones-Del-Tropico.mp3","filesize":62851336,"url":"https:\/\/voicesoftheforest.net\/wp-content\/uploads\/2021\/10\/Molero-Ficciones-Del-Tropico.mp3","link":"https:\/\/voicesoftheforest.net\/pb\/programs\/ficciones-del-tropico\/ficciones-del-tropico-2\/","alt":"","author":"1","description":"\"Ficciones Del Tropico\" by Molero. Released: 2020.","caption":"","name":"ficciones-del-tropico-2","status":"inherit","uploaded_to":264,"date":"2021-10-27 13:06:18","modified":"2021-11-27 18:06:25","menu_order":0,"mime_type":"audio\/mpeg","type":"audio","subtype":"mpeg","icon":"https:\/\/voicesoftheforest.net\/wp-includes\/images\/media\/audio.png"},"program_audiolength":"2618","program_timezone":"Europe\/Luxembourg","program_times":[{"time":"02:10:00"}],"_links":{"self":[{"href":"https:\/\/voicesoftheforest.net\/pb\/wp-json\/wp\/v2\/program\/264","targetHints":{"allow":["GET"]}}],"collection":[{"href":"https:\/\/voicesoftheforest.net\/pb\/wp-json\/wp\/v2\/program"}],"about":[{"href":"https:\/\/voicesoftheforest.net\/pb\/wp-json\/wp\/v2\/types\/program"}],"wp:attachment":[{"href":"https:\/\/voicesoftheforest.net\/pb\/wp-json\/wp\/v2\/media?parent=264"}],"curies":[{"name":"wp","href":"https:\/\/api.w.org\/{rel}","templated":true}]}}

<p><img loading="lazy" decoding="async" class="alignnone size-full wp-image-265" src="https://voicesoftheforest.net/wp-content/uploads/2021/10/Molero-1.jpg" alt="" width="1600" height="1066" srcset="https://voicesoftheforest.net/wp-content/uploads/2021/10/Molero-1.jpg 1600w, https://voicesoftheforest.net/wp-content/uploads/2021/10/Molero-1-300x200.jpg 300w, https://voicesoftheforest.net/wp-content/uploads/2021/10/Molero-1-1024x682.jpg 1024w, https://voicesoftheforest.net/wp-content/uploads/2021/10/Molero-1-768x512.jpg 768w, https://voicesoftheforest.net/wp-content/uploads/2021/10/Molero-1-1536x1023.jpg 1536w" sizes="auto, (max-width: 1600px) 100vw, 1600px" /></p>
<p>Nascido em Maracaibo, Venezuela, Alexander Molero não é estranho ao idealismo exótico que os ocidentais têm em relação à América do Sul. Uma mudança para Barcelona há alguns anos deu-lhe novas noções de como a Amazônia era imaginada pelo Ocidente. A inspiração para este disco veio do livro de Anton Goering &#8220;Vom tropischen Tieflande bis zum ewigen Schnee&#8221; e também foi influenciada pelos escritos de Victor Segalen e pelas visões de Werner Herzog em “Fitzcarraldo” e “Aguirre”. A forma como estes artistas exploraram e romantizaram ideias do desconhecido foram o estopim para a criação dos sons ouvidos em “Ficciones Del Trópico”.</p>
<p>&nbsp;</p>
<p>Usando um sintetizador Yamaha CS-60, Molero cria uma viagem enigmática e utópica inspirada no desejo tropical e exótico do primeiro contato europeu com esses locais estrangeiros e inexplorados. Para seu primeiro disco, ele queria criar paisagens sonoras para a natureza reminiscente dos exploradores europeus que enfrentaram o desconhecido e o além da Floresta Amazônica no século XIX. São oito peças com um total de 44 minutos com títulos que fazem referência a pássaros, animais e paisagens que simulam uma descoberta contínua.</p>
<p>&nbsp;</p>
<p>Os padrões animados das faixas convidam você a entrar na mente de Molero e a explorar a forma como sua imaginação se materializa em som. Desenvolvido e gravado durante 2017 e 2018, “Ficciones del Trópico” ressoa referências e paisagens sonoras que Molero conceituou na última década.</p>
<p>&nbsp;</p>
<p>A estrutura e os ritmos constantes criaram uma estética sonora única &#8211; e contínua. A ficção tropical de Molero é como mergulhar no mar com Jürgen Müller, explorar Alpha Centauri com Tangerine Dream ou construir novos exóticos pelas lentes de Mike Cooper. Mas desta vez tudo acontece na selva.</p>
<p>&nbsp;</p>
<p>Molero: Ficciones Del Trópico (Holuzam / ZAM005)</p>
<p>&nbsp;</p>
<ol>
<li>Phasma Gigas</li>
<li>Simi Vulpa</li>
<li>Jaguar Capybaras</li>
<li>Manglares</li>
<li>Selvas de Ewaipanomas</li>
<li>El espanto en sierra nevada</li>
<li>Parra Jacana</li>
<li>Tierras bajas tropicales</li>
</ol>
<p>Nascido em Maracaibo, Venezuela, Alexander Molero mora em Barcelona, Espanha, desde 2009. É músico autodidata, começou aprendendo harmonias e depois passou para a composição. Em seu primeiro disco, “Ficciones Del Trópico” (Holuzam, 2020), ele emula instrumentos africanos, se pergunta o que aconteceria com o Tangerine Dream se eles se perdessem na selva e se pendurassem em música exótica. Ele está atualmente trabalhando em seu próximo lançamento.</p>
