{"id":241,"date":"2021-09-30T20:38:43","date_gmt":"2021-09-30T20:38:43","guid":{"rendered":"https:\/\/voicesoftheforest.net\/?post_type=program&#038;p=241"},"modified":"2022-11-16T08:25:31","modified_gmt":"2022-11-16T08:25:31","slug":"poisons-and-medicines-in-the-bolivian-amazon","status":"publish","type":"program","link":"https:\/\/voicesoftheforest.net\/es\/programs\/poisons-and-medicines-in-the-bolivian-amazon\/","title":{"rendered":"#Focus Bolivia# Venenos y medicinas en el amazonas boliviano"},"content":{"rendered":"<p><img loading=\"lazy\" decoding=\"async\" class=\"alignnone size-large wp-image-242\" src=\"https:\/\/voicesoftheforest.net\/wp-content\/uploads\/2021\/09\/IMG_8941-1024x683.jpg\" alt=\"Tucanderas Amazonas Victor Mazon Gardoqui\" width=\"1024\" height=\"683\" srcset=\"https:\/\/voicesoftheforest.net\/wp-content\/uploads\/2021\/09\/IMG_8941-1024x683.jpg 1024w, https:\/\/voicesoftheforest.net\/wp-content\/uploads\/2021\/09\/IMG_8941-300x200.jpg 300w, https:\/\/voicesoftheforest.net\/wp-content\/uploads\/2021\/09\/IMG_8941-768x512.jpg 768w, https:\/\/voicesoftheforest.net\/wp-content\/uploads\/2021\/09\/IMG_8941-1536x1024.jpg 1536w, https:\/\/voicesoftheforest.net\/wp-content\/uploads\/2021\/09\/IMG_8941-2048x1365.jpg 2048w\" sizes=\"auto, (max-width: 1024px) 100vw, 1024px\" \/><\/p>\n<p><b>Venenos y medicinas en el amazonas boliviano<\/b><\/p>\n<p><b>Longitude \/ Latitude \/ Altitude:<\/b> 17\u00b023\u203200\u2033S 65\u00b003\u203200\u2033O \/ 4.717 msnm<\/p>\n<p><b>Departamento \/ Prov\u00edncia \/ Munic\u00edpio: <\/b>Cochabamba \/ Tiraque \/ Shinahota<\/p>\n<p>Venenos, medicinas y ajusticiamiento social en la selva del amazonas boliviano, y como tanto la selva como las personas est\u00e1n en un constante di\u00e1logo con el espacio.<\/p>\n<p>Sonandes es una plataforma dedicada a la promoci\u00f3n y difusi\u00f3n de pr\u00e1cticas sonoras contempor\u00e1neas, que re\u00fane a creadores que investigan, desarrollan y exhiben proyectos relacionados con el sonido y la escucha. Promueve la producci\u00f3n y la investigaci\u00f3n como v\u00eda de conocimiento y pensamiento colectivo. Promueve la creaci\u00f3n de exposiciones especializadas en arte sonoro y el estudio de los sentidos, valora la cooperaci\u00f3n internacional y la importancia de forjar una cultura de la escucha. Desde 2014 desarrolla un trabajo multidisciplinario y realiza encuentros y actividades como: Bienal Internacional de Arte Sonoro Sonandes, Puertos: Programa de Residencias de Creaci\u00f3n, Laboratorios y Publicaciones.<\/p>","protected":false},"template":"","class_list":["post-241","program","type-program","status-publish","hentry"],"program_startdate":"20210930","program_enddate":"20221231","program_audiofile":{"ID":239,"id":239,"title":"Termitas_Hormigas","filename":"Termitas_Hormigas.mp3","filesize":13739362,"url":"https:\/\/voicesoftheforest.net\/wp-content\/uploads\/2021\/09\/Termitas_Hormigas.mp3","link":"https:\/\/voicesoftheforest.net\/es\/programs\/status-of-research-and-rescue-in-protected-areas-in-bolivia\/termitas_hormigas\/","alt":"","author":"5","description":"\"Termitas_Hormigas\".","caption":"","name":"termitas_hormigas","status":"inherit","uploaded_to":237,"date":"2021-09-30 20:09:46","modified":"2021-09-30 20:25:25","menu_order":0,"mime_type":"audio\/mpeg","type":"audio","subtype":"mpeg","icon":"https:\/\/voicesoftheforest.net\/wp-includes\/images\/media\/audio.png"},"program_audiolength":"343","program_timezone":"America\/La_Paz","program_times":[{"time":"18:00:00"},{"time":"23:00:00"},{"time":"13:00:00"}],"_links":{"self":[{"href":"https:\/\/voicesoftheforest.net\/es\/wp-json\/wp\/v2\/program\/241","targetHints":{"allow":["GET"]}}],"collection":[{"href":"https:\/\/voicesoftheforest.net\/es\/wp-json\/wp\/v2\/program"}],"about":[{"href":"https:\/\/voicesoftheforest.net\/es\/wp-json\/wp\/v2\/types\/program"}],"wp:attachment":[{"href":"https:\/\/voicesoftheforest.net\/es\/wp-json\/wp\/v2\/media?parent=241"}],"curies":[{"name":"wp","href":"https:\/\/api.w.org\/{rel}","templated":true}]}}

<p><img loading="lazy" decoding="async" class="alignnone size-large wp-image-242" src="https://voicesoftheforest.net/wp-content/uploads/2021/09/IMG_8941-1024x683.jpg" alt="Tucanderas Amazonas Victor Mazon Gardoqui" width="1024" height="683" srcset="https://voicesoftheforest.net/wp-content/uploads/2021/09/IMG_8941-1024x683.jpg 1024w, https://voicesoftheforest.net/wp-content/uploads/2021/09/IMG_8941-300x200.jpg 300w, https://voicesoftheforest.net/wp-content/uploads/2021/09/IMG_8941-768x512.jpg 768w, https://voicesoftheforest.net/wp-content/uploads/2021/09/IMG_8941-1536x1024.jpg 1536w, https://voicesoftheforest.net/wp-content/uploads/2021/09/IMG_8941-2048x1365.jpg 2048w" sizes="auto, (max-width: 1024px) 100vw, 1024px" /></p>
<p><b>Venenos y medicinas en el amazonas boliviano</b></p>
<p><b>Longitude / Latitude / Altitude:</b> 17°23′00″S 65°03′00″O / 4.717 msnm</p>
<p><b>Departamento / Província / Município: </b>Cochabamba / Tiraque / Shinahota</p>
<p>Venenos, medicinas y ajusticiamiento social en la selva del amazonas boliviano, y como tanto la selva como las personas están en un constante diálogo con el espacio.</p>
<p>Sonandes es una plataforma dedicada a la promoción y difusión de prácticas sonoras contemporáneas, que reúne a creadores que investigan, desarrollan y exhiben proyectos relacionados con el sonido y la escucha. Promueve la producción y la investigación como vía de conocimiento y pensamiento colectivo. Promueve la creación de exposiciones especializadas en arte sonoro y el estudio de los sentidos, valora la cooperación internacional y la importancia de forjar una cultura de la escucha. Desde 2014 desarrolla un trabajo multidisciplinario y realiza encuentros y actividades como: Bienal Internacional de Arte Sonoro Sonandes, Puertos: Programa de Residencias de Creación, Laboratorios y Publicaciones.</p>
